{"id":12,"date":"2019-01-22T09:00:11","date_gmt":"2019-01-22T09:00:11","guid":{"rendered":"http:\/\/islenskalogfraedistofan.test\/?page_id=12"},"modified":"2023-10-02T10:43:56","modified_gmt":"2023-10-02T10:43:56","slug":"thjonusta","status":"publish","type":"page","link":"https:\/\/firma.is\/?page_id=12","title":{"rendered":"\u00dej\u00f3nusta"},"content":{"rendered":"    <div class=\"title\">\n        <h1>Vi\u00f0 tryggjum g\u00e6\u00f0i \u00fej\u00f3nustu okkar<\/h1>\n    <\/div>\n\n\n\n<p>L\u00f6gmenn stofunnar annast alla almenna l\u00f6gfr\u00e6\u00f0ir\u00e1\u00f0gj\u00f6f og hagsmunag\u00e6slu fyrir fyrirt\u00e6ki, samt\u00f6k og einstaklinga. Hvert m\u00e1l er unni\u00f0 af fagmennsku og lagt upp \u00far \u00edtarlegri greiningu \u00e1 hverju m\u00e1li fyrir sig, me\u00f0 \u00fea\u00f0 a\u00f0 markmi\u00f0i a\u00f0 veita bestu m\u00f6gulegu r\u00e1\u00f0gj\u00f6f \u00e1 hverjum t\u00edma.<\/p>\n","protected":false},"excerpt":{"rendered":"<p>L\u00f6gmenn stofunnar annast alla almenna l\u00f6gfr\u00e6\u00f0ir\u00e1\u00f0gj\u00f6f og hagsmunag\u00e6slu fyrir fyrirt\u00e6ki, samt\u00f6k og einstaklinga. Hvert m\u00e1l er unni\u00f0 af fagmennsku og lagt upp \u00far \u00edtarlegri greiningu \u00e1 hverju m\u00e1li fyrir sig, me\u00f0 \u00fea\u00f0 a\u00f0 markmi\u00f0i a\u00f0 veita bestu m\u00f6gulegu r\u00e1\u00f0gj\u00f6f \u00e1 hverjum t\u00edma.<\/p>\n","protected":false},"author":1,"featured_media":0,"parent":0,"menu_order":0,"comment_status":"closed","ping_status":"closed","template":"","meta":{"inline_featured_image":false,"footnotes":""},"_links":{"self":[{"href":"https:\/\/firma.is\/index.php?rest_route=\/wp\/v2\/pages\/12"}],"collection":[{"href":"https:\/\/firma.is\/index.php?rest_route=\/wp\/v2\/pages"}],"about":[{"href":"https:\/\/firma.is\/index.php?rest_route=\/wp\/v2\/types\/page"}],"author":[{"embeddable":true,"href":"https:\/\/firma.is\/index.php?rest_route=\/wp\/v2\/users\/1"}],"replies":[{"embeddable":true,"href":"https:\/\/firma.is\/index.php?rest_route=%2Fwp%2Fv2%2Fcomments&post=12"}],"version-history":[{"count":15,"href":"https:\/\/firma.is\/index.php?rest_route=\/wp\/v2\/pages\/12\/revisions"}],"predecessor-version":[{"id":843,"href":"https:\/\/firma.is\/index.php?rest_route=\/wp\/v2\/pages\/12\/revisions\/843"}],"wp:attachment":[{"href":"https:\/\/firma.is\/index.php?rest_route=%2Fwp%2Fv2%2Fmedia&parent=12"}],"curies":[{"name":"wp","href":"https:\/\/api.w.org\/{rel}","templated":true}]}}