{"id":14,"date":"2019-01-22T09:00:40","date_gmt":"2019-01-22T09:00:40","guid":{"rendered":"http:\/\/islenskalogfraedistofan.test\/?page_id=14"},"modified":"2024-10-11T08:50:33","modified_gmt":"2024-10-11T08:50:33","slug":"starfsmenn","status":"publish","type":"page","link":"https:\/\/firma.is\/?page_id=14","title":{"rendered":"Starfsmenn"},"content":{"rendered":"    <div class=\"title\">\n        <h1>Fagleg og pers\u00f3nuleg \u00fej\u00f3nusta<\/h1>\n    <\/div>\n\n\n\n<p>Hj\u00e1 FIRMA l\u00f6gm\u00f6nnum starfa l\u00f6gfr\u00e6\u00f0ingar me\u00f0 v\u00ed\u00f0t\u00e6ka reynslu af m\u00e1lflutningi og hagsmunag\u00e6slu fyrir einstaklinga, fyrirt\u00e6ki, sveitarf\u00e9l\u00f6g og opinberar stofnanir. \u00c1vallt er haft a\u00f0 lei\u00f0arlj\u00f3si a\u00f0 veita vi\u00f0skiptavinum stofunnar faglega og pers\u00f3nulega \u00fej\u00f3nustu \u00fear sem s\u00e9r\u00feekking hvers starfsmanns n\u00fdtist til fulls.<br><\/p>\n\n\n\n  <div class=\"block-service\">\n              <h6>L\u00f6gmenn<\/h6>\n      \n              <div class=\"service-list\">\n          \n            <div class=\"service-item\">\n              <a class=\"service-img\" data-fancybox data-type=\"ajax\" data-src=\"https:\/\/firma.is\/wp-admin\/admin-ajax.php?action=get_modal&#038;id=82\" data-options=\"{}\" href=\"https:\/\/firma.is\/?lawyers=haukur-orn-birgisson-2\">\n                <img loading=\"lazy\" decoding=\"async\" width=\"528\" height=\"528\" src=\"https:\/\/firma.is\/wp-content\/uploads\/2019\/01\/40x40cm-Haukur-7cr-528x528.jpg\" class=\"attachment-thumbnail_528x528 size-thumbnail_528x528 wp-post-image\" alt=\"\" srcset=\"https:\/\/firma.is\/wp-content\/uploads\/2019\/01\/40x40cm-Haukur-7cr-528x528.jpg 528w, https:\/\/firma.is\/wp-content\/uploads\/2019\/01\/40x40cm-Haukur-7cr-150x150.jpg 150w, https:\/\/firma.is\/wp-content\/uploads\/2019\/01\/40x40cm-Haukur-7cr-300x300.jpg 300w, https:\/\/firma.is\/wp-content\/uploads\/2019\/01\/40x40cm-Haukur-7cr-768x768.jpg 768w, https:\/\/firma.is\/wp-content\/uploads\/2019\/01\/40x40cm-Haukur-7cr-1024x1024.jpg 1024w\" sizes=\"(max-width: 528px) 100vw, 528px\" \/>              <\/a>\n              <div class=\"service-content\">\n                <h4>\n                  <a data-fancybox data-type=\"ajax\" data-src=\"https:\/\/firma.is\/wp-admin\/admin-ajax.php?action=get_modal&#038;id=82\" data-options=\"{}\" href=\"https:\/\/firma.is\/?lawyers=haukur-orn-birgisson-2\">Haukur \u00d6rn Birgisson<\/a>\n                <\/h4>\n                                  <h5>H\u00e6star\u00e9ttarl\u00f6gma\u00f0ur<\/h5>\n                                <a href=\"mailto:haukur@firma.is\" >haukur@firma.is<\/a>\n              <\/div>\n            <\/div>\n\n          \n            <div class=\"service-item\">\n              <a class=\"service-img\" data-fancybox data-type=\"ajax\" data-src=\"https:\/\/firma.is\/wp-admin\/admin-ajax.php?action=get_modal&#038;id=81\" data-options=\"{}\" href=\"https:\/\/firma.is\/?lawyers=ingvar-smari-birgisson\">\n                <img loading=\"lazy\" decoding=\"async\" width=\"528\" height=\"528\" src=\"https:\/\/firma.is\/wp-content\/uploads\/2019\/01\/40x40cm-Ingvar-7cr-528x528.jpg\" class=\"attachment-thumbnail_528x528 size-thumbnail_528x528 wp-post-image\" alt=\"\" srcset=\"https:\/\/firma.is\/wp-content\/uploads\/2019\/01\/40x40cm-Ingvar-7cr-528x528.jpg 528w, https:\/\/firma.is\/wp-content\/uploads\/2019\/01\/40x40cm-Ingvar-7cr-150x150.jpg 150w, https:\/\/firma.is\/wp-content\/uploads\/2019\/01\/40x40cm-Ingvar-7cr-300x300.jpg 300w, https:\/\/firma.is\/wp-content\/uploads\/2019\/01\/40x40cm-Ingvar-7cr-768x768.jpg 768w, https:\/\/firma.is\/wp-content\/uploads\/2019\/01\/40x40cm-Ingvar-7cr-1024x1024.jpg 1024w\" sizes=\"(max-width: 528px) 100vw, 528px\" \/>              <\/a>\n              <div class=\"service-content\">\n                <h4>\n                  <a data-fancybox data-type=\"ajax\" data-src=\"https:\/\/firma.is\/wp-admin\/admin-ajax.php?action=get_modal&#038;id=81\" data-options=\"{}\" href=\"https:\/\/firma.is\/?lawyers=ingvar-smari-birgisson\">Ingvar Sm\u00e1ri Birgisson<\/a>\n                <\/h4>\n                                  <h5>L\u00f6gma\u00f0ur<\/h5>\n                                <a href=\"mailto:ingvar@firma.is\" >ingvar@firma.is<\/a>\n              <\/div>\n            <\/div>\n\n          \n            <div class=\"service-item\">\n              <a class=\"service-img\" data-fancybox data-type=\"ajax\" data-src=\"https:\/\/firma.is\/wp-admin\/admin-ajax.php?action=get_modal&#038;id=895\" data-options=\"{}\" href=\"https:\/\/firma.is\/?lawyers=ulfur-thor-andrason\">\n                <img loading=\"lazy\" decoding=\"async\" width=\"528\" height=\"528\" src=\"https:\/\/firma.is\/wp-content\/uploads\/2024\/10\/25x25cm-Ufur-5713cr-528x528.jpg\" class=\"attachment-thumbnail_528x528 size-thumbnail_528x528 wp-post-image\" alt=\"\" srcset=\"https:\/\/firma.is\/wp-content\/uploads\/2024\/10\/25x25cm-Ufur-5713cr-528x528.jpg 528w, https:\/\/firma.is\/wp-content\/uploads\/2024\/10\/25x25cm-Ufur-5713cr-300x300.jpg 300w, https:\/\/firma.is\/wp-content\/uploads\/2024\/10\/25x25cm-Ufur-5713cr-1024x1024.jpg 1024w, https:\/\/firma.is\/wp-content\/uploads\/2024\/10\/25x25cm-Ufur-5713cr-150x150.jpg 150w, https:\/\/firma.is\/wp-content\/uploads\/2024\/10\/25x25cm-Ufur-5713cr-768x768.jpg 768w, https:\/\/firma.is\/wp-content\/uploads\/2024\/10\/25x25cm-Ufur-5713cr-1536x1536.jpg 1536w, https:\/\/firma.is\/wp-content\/uploads\/2024\/10\/25x25cm-Ufur-5713cr-2048x2048.jpg 2048w\" sizes=\"(max-width: 528px) 100vw, 528px\" \/>              <\/a>\n              <div class=\"service-content\">\n                <h4>\n                  <a data-fancybox data-type=\"ajax\" data-src=\"https:\/\/firma.is\/wp-admin\/admin-ajax.php?action=get_modal&#038;id=895\" data-options=\"{}\" href=\"https:\/\/firma.is\/?lawyers=ulfur-thor-andrason\">\u00dalfur \u00de\u00f3r Andrason<\/a>\n                <\/h4>\n                                  <h5>L\u00f6gma\u00f0ur<\/h5>\n                                <a href=\"mailto:ulfur@firma.is\" >ulfur@firma.is<\/a>\n              <\/div>\n            <\/div>\n\n                  <\/div>\n        <\/div>\n","protected":false},"excerpt":{"rendered":"<p>Hj\u00e1 FIRMA l\u00f6gm\u00f6nnum starfa l\u00f6gfr\u00e6\u00f0ingar me\u00f0 v\u00ed\u00f0t\u00e6ka reynslu af m\u00e1lflutningi og hagsmunag\u00e6slu fyrir einstaklinga, fyrirt\u00e6ki, sveitarf\u00e9l\u00f6g og opinberar stofnanir. \u00c1vallt er haft a\u00f0 lei\u00f0arlj\u00f3si a\u00f0 veita vi\u00f0skiptavinum stofunnar faglega og pers\u00f3nulega \u00fej\u00f3nustu \u00fear sem s\u00e9r\u00feekking hvers starfsmanns n\u00fdtist til fulls.<\/p>\n","protected":false},"author":1,"featured_media":869,"parent":0,"menu_order":0,"comment_status":"closed","ping_status":"closed","template":"","meta":{"inline_featured_image":false,"footnotes":""},"_links":{"self":[{"href":"https:\/\/firma.is\/index.php?rest_route=\/wp\/v2\/pages\/14"}],"collection":[{"href":"https:\/\/firma.is\/index.php?rest_route=\/wp\/v2\/pages"}],"about":[{"href":"https:\/\/firma.is\/index.php?rest_route=\/wp\/v2\/types\/page"}],"author":[{"embeddable":true,"href":"https:\/\/firma.is\/index.php?rest_route=\/wp\/v2\/users\/1"}],"replies":[{"embeddable":true,"href":"https:\/\/firma.is\/index.php?rest_route=%2Fwp%2Fv2%2Fcomments&post=14"}],"version-history":[{"count":45,"href":"https:\/\/firma.is\/index.php?rest_route=\/wp\/v2\/pages\/14\/revisions"}],"predecessor-version":[{"id":896,"href":"https:\/\/firma.is\/index.php?rest_route=\/wp\/v2\/pages\/14\/revisions\/896"}],"wp:featuredmedia":[{"embeddable":true,"href":"https:\/\/firma.is\/index.php?rest_route=\/wp\/v2\/media\/869"}],"wp:attachment":[{"href":"https:\/\/firma.is\/index.php?rest_route=%2Fwp%2Fv2%2Fmedia&parent=14"}],"curies":[{"name":"wp","href":"https:\/\/api.w.org\/{rel}","templated":true}]}}