{"id":18,"date":"2019-01-22T09:08:40","date_gmt":"2019-01-22T09:08:40","guid":{"rendered":"http:\/\/islenskalogfraedistofan.test\/?page_id=18"},"modified":"2023-12-05T10:38:33","modified_gmt":"2023-12-05T10:38:33","slug":"almennt-svid","status":"publish","type":"page","link":"https:\/\/firma.is\/?page_id=18","title":{"rendered":"Almennt svi\u00f0"},"content":{"rendered":"    <div class=\"title\">\n        <h1>Almennt svi\u00f0<\/h1>\n    <\/div>\n\n\n\n<p>L\u00f6gmenn stofunnar b\u00faa yfir mikilli reynslu af hagsmunag\u00e6slu \u00e1 flestum \u00feeim svi\u00f0um sem einstaklinga snertir. Stofan b\u00fd\u00f0ur vi\u00f0skiptavinum s\u00ednum upp \u00e1 fyrsta flokks \u00fej\u00f3nustu, bygg\u00f0a \u00e1 \u00feekkingu og reynslu, \u00e1samt hei\u00f0arlegu st\u00f6\u00f0umati fr\u00e1 upphafi m\u00e1lareksturs.<\/p>\n\n\n  <ul class=\"list-decor\">\n                <li>\n          <a href=\"#block-1\">Erf\u00f0ir og d\u00e1nab\u00fa<\/a>\n      <\/li>\n                <li>\n          <a href=\"#block-2\">Ska\u00f0a- og slysab\u00e6tur<\/a>\n      <\/li>\n                <li>\n          <a href=\"#block-3\">Stj\u00f3rns\u00fdsla<\/a>\n      <\/li>\n                <li>\n          <a href=\"#block-4\">Hj\u00faskapur og samb\u00fa\u00f0<\/a>\n      <\/li>\n                <li>\n          <a href=\"#block-5\">Verjendast\u00f6rf<\/a>\n      <\/li>\n                <li>\n          <a href=\"#block-6\">Leigur\u00e9ttur<\/a>\n      <\/li>\n                <li>\n          <a href=\"#block-7\">Vinnur\u00e9ttur<\/a>\n      <\/li>\n                <li>\n          <a href=\"#block-8\">Skipulags- og byggingarm\u00e1l<\/a>\n      <\/li>\n                <li>\n          <a href=\"#block-9\">Fasteignir<\/a>\n      <\/li>\n                <li>\n          <a href=\"#block-10\">Samningsr\u00e9ttur<\/a>\n      <\/li>\n                <li>\n          <a href=\"#block-11\">Gjald\u00ferotaskipti<\/a>\n      <\/li>\n      <\/ul>\n          <div id=\"block-1\" class=\"block-anchor\">\n      <h4>Erf\u00f0ir og d\u00e1nab\u00fa<\/h4>\n      <p>FIRMA l\u00f6gmenn veita r\u00e1\u00f0gj\u00f6f og tekur a\u00f0 s\u00e9r hagsmunag\u00e6slu fyrir erfingja vegna skipta \u00e1 d\u00e1narb\u00faum, hvort sem um er a\u00f0 r\u00e6\u00f0a einkaskipti e\u00f0a opinber skipti. \u00de\u00e1 sj\u00e1 l\u00f6gmenn stofunnar um ger\u00f0 erf\u00f0askr\u00e1a og annarra samninga vegna erf\u00f0a.<\/p>\n    <\/div>\n          <div id=\"block-2\" class=\"block-anchor\">\n      <h4>Ska\u00f0a- og slysab\u00e6tur<\/h4>\n      <p>Stofan hefur mikla reynslu af innheimtu slysab\u00f3ta vegna umfer\u00f0ar-, vinnu- og fr\u00edt\u00edmaslysa. L\u00f6gmenn stofunnar hafa \u00ed r\u00faman \u00e1ratug annast hagsmunag\u00e6slu fyrir tj\u00f3n\u00feola gegn tryggingaf\u00e9l\u00f6gum og flutt \u00f3tal fj\u00f6lda d\u00f3msm\u00e1la vegna ska\u00f0ab\u00f3taskyldu tj\u00f3nvalda e\u00f0a tryggingaf\u00e9laga \u00feeirra. L\u00f6gmenn stofunnar sj\u00e1 um \u00f6flun allra nau\u00f0synlegra gagna fyrir tj\u00f3n\u00feola fr\u00e1 \u00fev\u00ed fyrst er leita\u00f0 til stofunnar, \u00fear til uppgj\u00f6r b\u00f3ta liggur fyrir.<\/p>\n    <\/div>\n          <div id=\"block-3\" class=\"block-anchor\">\n      <h4>Stj\u00f3rns\u00fdsla<\/h4>\n      <p>FIRMA l\u00f6gmenn taka a\u00f0 s\u00e9r ger\u00f0 stj\u00f3rns\u00fdsluk\u00e6ra fyrir einstaklinga og annast alla hagsmunag\u00e6slu vegna me\u00f0fer\u00f0ar m\u00e1la hj\u00e1 stj\u00f3rnv\u00f6ldum. \u00de\u00e1 veita l\u00f6gmenn stofunnar r\u00e1\u00f0gj\u00f6f \u00e1 \u00f6llum svi\u00f0um stj\u00f3rns\u00fdslunnar og annast rekstur \u00e1greiningsm\u00e1la fyrir stj\u00f3rns\u00fdslunefndum, d\u00f3mst\u00f3lum e\u00f0a hj\u00e1 umbo\u00f0smanni Al\u00feingis.<\/p>\n    <\/div>\n          <div id=\"block-4\" class=\"block-anchor\">\n      <h4>Hj\u00faskapur og samb\u00fa\u00f0<\/h4>\n      <p>L\u00f6gmenn stofunnar hafa yfirgripsmikla \u00feekkingu \u00e1 \u00feeim r\u00e9ttarsvi\u00f0um sem tengjast hj\u00faskap og samb\u00fa\u00f0. Hagsmunag\u00e6sla l\u00f6gmanna stofunnar felst m.a. \u00ed ger\u00f0 kaupm\u00e1la, fj\u00e1rskiptasamninga, skiptum samkv\u00e6mt \u00e1kv\u00e6\u00f0um hj\u00faskaparlaga og annarri r\u00e9ttara\u00f0sto\u00f0 tengdri skilna\u00f0i og samb\u00fa\u00f0arslitum.<\/p>\n    <\/div>\n          <div id=\"block-5\" class=\"block-anchor\">\n      <h4>Verjendast\u00f6rf<\/h4>\n      <p>L\u00f6gmenn stofunnar sinna verjendast\u00f6rfum fyrir sakborninga \u00ed sakam\u00e1lum hvort sem er \u00e1 ranns\u00f3knarstigi e\u00f0a fyrir d\u00f3mst\u00f3lum. \u00de\u00e1 taka l\u00f6gmenn stofunnar einnig a\u00f0 s\u00e9r r\u00e9ttarg\u00e6slu fyrir \u00feolendur afbrota, \u00fe.m.t. ger\u00f0 ska\u00f0ab\u00f3takr\u00f6fu \u00e1 hendur brotam\u00f6nnum og ums\u00f3kn um grei\u00f0slu r\u00edkissj\u00f3\u00f0s \u00e1 ska\u00f0ab\u00f3tum til \u00feolenda afbrota samkv\u00e6mt l\u00f6gum nr. 69\/1995.<\/p>\n    <\/div>\n          <div id=\"block-6\" class=\"block-anchor\">\n      <h4>Leigur\u00e9ttur<\/h4>\n      <p>L\u00f6gmenn stofunnar b\u00faa yfir traustri \u00feekkingu og reynslu \u00ed hagsmunag\u00e6slu fyrir leigusala og leigutaka. Sem d\u00e6mi m\u00e1 nefna ger\u00f0 og t\u00falkun leigusamninga, r\u00e1\u00f0gj\u00f6f var\u00f0andi tilt\u00e6k \u00farr\u00e6\u00f0i vegna vanefnda \u00e1 leigusamningi, a\u00f0sto\u00f0 vi\u00f0 ger\u00f0 k\u00e6ra til k\u00e6runefndar h\u00fasaleigum\u00e1la og m\u00e1larekstur fyrir d\u00f3mst\u00f3lum.<\/p>\n    <\/div>\n          <div id=\"block-7\" class=\"block-anchor\">\n      <h4>Vinnur\u00e9ttur<\/h4>\n      <p>L\u00f6gmenn stofunnar b\u00faa yfir v\u00ed\u00f0t\u00e6kri reynslu af hagsmunag\u00e6slu fyrir laun\u00feega og st\u00e9ttarf\u00e9l\u00f6g \u00e1 svi\u00f0i vinnur\u00e9ttar. Sem d\u00e6mi m\u00e1 nefna r\u00e1\u00f0gj\u00f6f vi\u00f0 ger\u00f0 og slit r\u00e1\u00f0ningarsamninga, t\u00falkun og framkv\u00e6md kjarasamninga, l\u00edfeyrisr\u00e9ttindi og ger\u00f0 starfslokasamninga. L\u00f6gmenn stofunnar hafa reki\u00f0 fj\u00f6lm\u00f6rg m\u00e1l fyrir starfsmenn og st\u00e9ttarf\u00e9l\u00f6g fyrir d\u00f3mst\u00f3lum.<\/p>\n    <\/div>\n          <div id=\"block-8\" class=\"block-anchor\">\n      <h4>Skipulags- og byggingarm\u00e1l<\/h4>\n      <p>L\u00f6gmenn stofunnar b\u00faa yfir mikilli reynslu af skipulags- og byggingarm\u00e1lum og veita t.a.m. \u00e1lit og r\u00e1\u00f0gj\u00f6f um r\u00e9ttarst\u00f6\u00f0u einstaklinga og l\u00f6ga\u00f0ila gagnvart skipulagsyfirv\u00f6ldum auk \u00feess sem \u00feeir taka a\u00f0 s\u00e9r ger\u00f0 stj\u00f3rns\u00fdsluk\u00e6ra og hagsmunag\u00e6slu fyrir d\u00f3mst\u00f3lum.<\/p>\n    <\/div>\n          <div id=\"block-9\" class=\"block-anchor\">\n      <h4>Fasteignir<\/h4>\n      <p>FIRMA l\u00f6gmenn hafa mikla reynslu af hagsmunag\u00e6slu fyrir einstaklinga og l\u00f6ga\u00f0ila \u00e1 fasteignamarka\u00f0i. Me\u00f0al helstu verkefna l\u00f6gmanna stofunnar m\u00e1 nefna skjala- og samningsger\u00f0 vegna fasteignakaupa, hagsmunag\u00e6slu vegna galla \u00ed fasteignum og kr\u00f6fuger\u00f0 vegna annarra vanefnda. \u00c1 svi\u00f0i eignarr\u00e9ttar veita l\u00f6gmenn stofunnar me\u00f0al annars r\u00e1\u00f0gj\u00f6f \u00e1 grundvelli jar\u00f0arlaga og forkaupsr\u00e9ttarreglna sem og alhli\u00f0a r\u00e1\u00f0gj\u00f6f sem l\u00fdtur a\u00f0 byggingar- og skipulagsm\u00e1lum.<\/p>\n    <\/div>\n          <div id=\"block-10\" class=\"block-anchor\">\n      <h4>Samningsr\u00e9ttur<\/h4>\n      <p>L\u00f6gmannsstofan veitir s\u00e9rh\u00e6f\u00f0a r\u00e1\u00f0gj\u00f6f \u00e1 svi\u00f0i samningar\u00e9ttar og hafa l\u00f6gmenn hennar yfirgripsmikla \u00feekkingu \u00e1 \u00feessu r\u00e9ttarsvi\u00f0i. L\u00f6gmannsstofan annast alhli\u00f0a r\u00e1\u00f0gj\u00f6f um samningsger\u00f0, t\u00falkun og efndir samninga. Me\u00f0 vanda\u00f0ri samningsger\u00f0 m\u00e1 koma \u00ed veg fyrir \u00e1greiningsm\u00e1l sem leitt geta til m\u00e1laferla fyrir d\u00f3mst\u00f3lum. Afar mikilv\u00e6gt er \u00fev\u00ed a\u00f0 huga\u00f0 s\u00e9 a\u00f0 r\u00e9ttum og l\u00f6gm\u00e6tum samningsatri\u00f0um \u00ed upphafi hvers m\u00e1ls.<\/p>\n    <\/div>\n          <div id=\"block-11\" class=\"block-anchor\">\n      <h4>Gjald\u00ferotaskipti<\/h4>\n      <p>L\u00f6gmannsstofan hefur \u00e1vallt lagt mikla \u00e1herslu \u00e1 fram\u00farskarandi r\u00e1\u00f0gj\u00f6f og \u00fej\u00f3nustu \u00e1 svi\u00f0i skuldaskila- og gjald\u00ferotar\u00e9ttar. L\u00f6gmenn stofunnar hafa sinnt st\u00f6rfum sem skiptastj\u00f3rar, a\u00f0sto\u00f0armenn \u00ed grei\u00f0slust\u00f6\u00f0vun fyrirt\u00e6kja og veri\u00f0 umsj\u00f3narmenn me\u00f0 nau\u00f0asamningum. \u00de\u00e1 hafa \u00feeir einnig g\u00e6tt hagsmuna kr\u00f6fuhafa \u00ed r\u00edkum m\u00e6li, b\u00e6\u00f0i vi\u00f0 ger\u00f0 kr\u00f6ful\u00fdsingar og vi\u00f0 almenna hagsmunag\u00e6slu gagnvart skuldurum sem eru \u00ed skiptame\u00f0fer\u00f0 e\u00f0a grei\u00f0slust\u00f6\u00f0vun. Auk \u00feess veitir l\u00f6gmannsstofan r\u00e1\u00f0gj\u00f6f \u00ed tengslum vi\u00f0 fj\u00e1rhagslega endurskipulagningu fyrirt\u00e6kja.<\/p>\n    <\/div>\n   ","protected":false},"excerpt":{"rendered":"<p>L\u00f6gmenn stofunnar b\u00faa yfir mikilli reynslu af hagsmunag\u00e6slu \u00e1 flestum \u00feeim svi\u00f0um sem einstaklinga snertir. Stofan b\u00fd\u00f0ur vi\u00f0skiptavinum s\u00ednum upp \u00e1 fyrsta flokks \u00fej\u00f3nustu, bygg\u00f0a \u00e1 \u00feekkingu og reynslu, \u00e1samt hei\u00f0arlegu st\u00f6\u00f0umati fr\u00e1 upphafi m\u00e1lareksturs.<\/p>\n","protected":false},"author":1,"featured_media":599,"parent":12,"menu_order":0,"comment_status":"closed","ping_status":"closed","template":"","meta":{"inline_featured_image":false,"footnotes":""},"_links":{"self":[{"href":"https:\/\/firma.is\/index.php?rest_route=\/wp\/v2\/pages\/18"}],"collection":[{"href":"https:\/\/firma.is\/index.php?rest_route=\/wp\/v2\/pages"}],"about":[{"href":"https:\/\/firma.is\/index.php?rest_route=\/wp\/v2\/types\/page"}],"author":[{"embeddable":true,"href":"https:\/\/firma.is\/index.php?rest_route=\/wp\/v2\/users\/1"}],"replies":[{"embeddable":true,"href":"https:\/\/firma.is\/index.php?rest_route=%2Fwp%2Fv2%2Fcomments&post=18"}],"version-history":[{"count":26,"href":"https:\/\/firma.is\/index.php?rest_route=\/wp\/v2\/pages\/18\/revisions"}],"predecessor-version":[{"id":879,"href":"https:\/\/firma.is\/index.php?rest_route=\/wp\/v2\/pages\/18\/revisions\/879"}],"up":[{"embeddable":true,"href":"https:\/\/firma.is\/index.php?rest_route=\/wp\/v2\/pages\/12"}],"wp:featuredmedia":[{"embeddable":true,"href":"https:\/\/firma.is\/index.php?rest_route=\/wp\/v2\/media\/599"}],"wp:attachment":[{"href":"https:\/\/firma.is\/index.php?rest_route=%2Fwp%2Fv2%2Fmedia&parent=18"}],"curies":[{"name":"wp","href":"https:\/\/api.w.org\/{rel}","templated":true}]}}