{"id":59,"date":"2019-01-22T16:31:18","date_gmt":"2019-01-22T16:31:18","guid":{"rendered":"http:\/\/islenskalogfraedistofan.test\/?page_id=59"},"modified":"2024-10-09T20:55:21","modified_gmt":"2024-10-09T20:55:21","slug":"islenska-logfraedistofan-velkomin","status":"publish","type":"page","link":"https:\/\/firma.is\/","title":{"rendered":"Fagmennska og traust"},"content":{"rendered":"\n<p>FIRMA l\u00f6gmenn veita alhli\u00f0a l\u00f6gfr\u00e6\u00f0i\u00fej\u00f3nustu me\u00f0 s\u00e9rh\u00e6fingu \u00ed fj\u00e1rmunar\u00e9tti. Vi\u00f0 g\u00e6tum hagsmuna einstaklinga, fyrirt\u00e6kja og st\u00e9ttarf\u00e9laga \u00ed fl\u00f3knum \u00e1litam\u00e1lum \u00e1 \u00fdmsum svi\u00f0um l\u00f6gfr\u00e6\u00f0innar.<\/p>\n\n\n\n<p><\/p>\n\n\n\n<p>Me\u00f0al helstu starfssvi\u00f0a eru samninga- og kr\u00f6fur\u00e9ttur, vinnur\u00e9ttur, fasteignakaupar\u00e9ttur, stj\u00f3rns\u00fdslur\u00e9ttur, neytendar\u00e9ttur og f\u00e9lagar\u00e9ttur.<\/p>\n","protected":false},"excerpt":{"rendered":"<p>FIRMA l\u00f6gmenn veita alhli\u00f0a l\u00f6gfr\u00e6\u00f0i\u00fej\u00f3nustu me\u00f0 s\u00e9rh\u00e6fingu \u00ed fj\u00e1rmunar\u00e9tti. Vi\u00f0 g\u00e6tum hagsmuna einstaklinga, fyrirt\u00e6kja og st\u00e9ttarf\u00e9laga \u00ed fl\u00f3knum \u00e1litam\u00e1lum \u00e1 \u00fdmsum svi\u00f0um l\u00f6gfr\u00e6\u00f0innar. Me\u00f0al helstu starfssvi\u00f0a eru samninga- og kr\u00f6fur\u00e9ttur, vinnur\u00e9ttur, fasteignakaupar\u00e9ttur, stj\u00f3rns\u00fdslur\u00e9ttur, neytendar\u00e9ttur og f\u00e9lagar\u00e9ttur.<\/p>\n","protected":false},"author":1,"featured_media":852,"parent":0,"menu_order":0,"comment_status":"closed","ping_status":"closed","template":"pages\/template-home.php","meta":{"inline_featured_image":false,"footnotes":""},"_links":{"self":[{"href":"https:\/\/firma.is\/index.php?rest_route=\/wp\/v2\/pages\/59"}],"collection":[{"href":"https:\/\/firma.is\/index.php?rest_route=\/wp\/v2\/pages"}],"about":[{"href":"https:\/\/firma.is\/index.php?rest_route=\/wp\/v2\/types\/page"}],"author":[{"embeddable":true,"href":"https:\/\/firma.is\/index.php?rest_route=\/wp\/v2\/users\/1"}],"replies":[{"embeddable":true,"href":"https:\/\/firma.is\/index.php?rest_route=%2Fwp%2Fv2%2Fcomments&post=59"}],"version-history":[{"count":25,"href":"https:\/\/firma.is\/index.php?rest_route=\/wp\/v2\/pages\/59\/revisions"}],"predecessor-version":[{"id":893,"href":"https:\/\/firma.is\/index.php?rest_route=\/wp\/v2\/pages\/59\/revisions\/893"}],"wp:featuredmedia":[{"embeddable":true,"href":"https:\/\/firma.is\/index.php?rest_route=\/wp\/v2\/media\/852"}],"wp:attachment":[{"href":"https:\/\/firma.is\/index.php?rest_route=%2Fwp%2Fv2%2Fmedia&parent=59"}],"curies":[{"name":"wp","href":"https:\/\/api.w.org\/{rel}","templated":true}]}}